{"id":2275,"date":"2023-08-29T15:29:30","date_gmt":"2023-08-29T15:29:30","guid":{"rendered":"https:\/\/futsalpanthers.koeln\/?page_id=2275"},"modified":"2023-08-29T15:32:53","modified_gmt":"2023-08-29T15:32:53","slug":"foerderung-react-eu","status":"publish","type":"page","link":"https:\/\/futsalpanthers.koeln\/?page_id=2275","title":{"rendered":"F\u00f6rderung REACT-EU"},"content":{"rendered":"\t\t<div data-elementor-type=\"wp-page\" data-elementor-id=\"2275\" class=\"elementor elementor-2275\">\n\t\t\t\t\t\t<section class=\"elementor-section elementor-top-section elementor-element elementor-element-27ecab0a elementor-section-boxed elementor-section-height-default elementor-section-height-default\" data-id=\"27ecab0a\" data-element_type=\"section\">\n\t\t\t\t\t\t<div class=\"elementor-container elementor-column-gap-default\">\n\t\t\t\t\t<div class=\"elementor-column elementor-col-100 elementor-top-column elementor-element elementor-element-5d5044d1\" data-id=\"5d5044d1\" data-element_type=\"column\">\n\t\t\t<div class=\"elementor-widget-wrap elementor-element-populated\">\n\t\t\t\t\t\t<div class=\"elementor-element elementor-element-3bac4703 elementor-widget elementor-widget-text-editor\" data-id=\"3bac4703\" data-element_type=\"widget\" data-widget_type=\"text-editor.default\">\n\t\t\t\t<div class=\"elementor-widget-container\">\n\t\t\t\t\t\t\t\t\t\n<figure class=\"wp-block-image size-large\"><img fetchpriority=\"high\" decoding=\"async\" width=\"1024\" height=\"237\" src=\"https:\/\/futsalpanthers.koeln\/wp-content\/uploads\/2023\/08\/REACT-EU_LOGO_JPG_CMYK-1024x237.jpg\" alt=\"\" class=\"wp-image-2253\" srcset=\"https:\/\/futsalpanthers.koeln\/wp-content\/uploads\/2023\/08\/REACT-EU_LOGO_JPG_CMYK-1024x237.jpg 1024w, https:\/\/futsalpanthers.koeln\/wp-content\/uploads\/2023\/08\/REACT-EU_LOGO_JPG_CMYK-300x70.jpg 300w, https:\/\/futsalpanthers.koeln\/wp-content\/uploads\/2023\/08\/REACT-EU_LOGO_JPG_CMYK-768x178.jpg 768w, https:\/\/futsalpanthers.koeln\/wp-content\/uploads\/2023\/08\/REACT-EU_LOGO_JPG_CMYK-1536x356.jpg 1536w, https:\/\/futsalpanthers.koeln\/wp-content\/uploads\/2023\/08\/REACT-EU_LOGO_JPG_CMYK-2048x475.jpg 2048w\" sizes=\"(max-width: 1024px) 100vw, 1024px\" \/><\/figure>\n\t\t\t\t\t\t\t\t<\/div>\n\t\t\t\t<\/div>\n\t\t\t\t\t<\/div>\n\t\t<\/div>\n\t\t\t\t\t<\/div>\n\t\t<\/section>\n\t\t\t\t<section class=\"elementor-section elementor-top-section elementor-element elementor-element-1d77900 elementor-section-boxed elementor-section-height-default elementor-section-height-default\" data-id=\"1d77900\" data-element_type=\"section\">\n\t\t\t\t\t\t<div class=\"elementor-container elementor-column-gap-default\">\n\t\t\t\t\t<div class=\"elementor-column elementor-col-100 elementor-top-column elementor-element elementor-element-a944820\" data-id=\"a944820\" data-element_type=\"column\">\n\t\t\t<div class=\"elementor-widget-wrap elementor-element-populated\">\n\t\t\t\t\t\t<div class=\"elementor-element elementor-element-3056175 elementor-widget elementor-widget-text-editor\" data-id=\"3056175\" data-element_type=\"widget\" data-widget_type=\"text-editor.default\">\n\t\t\t\t<div class=\"elementor-widget-container\">\n\t\t\t\t\t\t\t\t\t<p>Im Rahmen der \u201eRecovery Assistance for Cohesion and the Territories of Europe\u201c (REACT-EU) unterst\u00fctzt das Land NRW mit dem Programm \u201eDigitalisierung gemeinn\u00fctziger Sportorganisationen\u201c Sportvereine, um sich bereit zu machen f\u00fcr die Vereinsentwicklung.<\/p><p>Auch wir bei den Futsal Panthers K\u00f6ln haben diese M\u00f6glichkeit genutzt und uns mit diversen elektronischen Ger\u00e4ten verst\u00e4rkt.&nbsp;<span style=\"color: var( --e-global-color-text ); font-family: var( --e-global-typography-text-font-family ), Sans-serif; font-weight: var( --e-global-typography-text-font-weight ); background-color: var(--nv-site-bg);\">Mit Laptop, Beamer und Co. k\u00f6nnen wir die Vereinsarbeit noch weiter vorantrieben und so die Zukunft des Futsals in K\u00f6ln weiter gestalten.&nbsp;<\/span><\/p>\t\t\t\t\t\t\t\t<\/div>\n\t\t\t\t<\/div>\n\t\t\t\t\t<\/div>\n\t\t<\/div>\n\t\t\t\t\t<\/div>\n\t\t<\/section>\n\t\t\t\t<\/div>\n\t\t","protected":false},"excerpt":{"rendered":"<p>Im Rahmen der \u201eRecovery Assistance for Cohesion and the Territories of Europe\u201c (REACT-EU) unterst\u00fctzt das Land NRW mit dem Programm \u201eDigitalisierung gemeinn\u00fctziger Sportorganisationen\u201c Sportvereine, um sich bereit zu machen f\u00fcr die Vereinsentwicklung. Auch wir bei den Futsal Panthers K\u00f6ln haben diese M\u00f6glichkeit genutzt und uns mit diversen elektronischen Ger\u00e4ten verst\u00e4rkt.&nbsp;Mit Laptop, Beamer und Co. k\u00f6nnen&hellip;&nbsp;<a href=\"https:\/\/futsalpanthers.koeln\/?page_id=2275\" rel=\"bookmark\">Weiterlesen &raquo;<span class=\"screen-reader-text\">F\u00f6rderung REACT-EU<\/span><\/a><\/p>\n","protected":false},"author":1,"featured_media":0,"parent":0,"menu_order":0,"comment_status":"closed","ping_status":"closed","template":"","meta":{"_eb_attr":"","neve_meta_sidebar":"full-width","neve_meta_container":"","neve_meta_enable_content_width":"on","neve_meta_content_width":100,"neve_meta_title_alignment":"","neve_meta_author_avatar":"","neve_post_elements_order":"","neve_meta_disable_header":"","neve_meta_disable_footer":"","neve_meta_disable_title":"","footnotes":""},"class_list":["post-2275","page","type-page","status-publish","hentry"],"_links":{"self":[{"href":"https:\/\/futsalpanthers.koeln\/index.php?rest_route=\/wp\/v2\/pages\/2275","targetHints":{"allow":["GET"]}}],"collection":[{"href":"https:\/\/futsalpanthers.koeln\/index.php?rest_route=\/wp\/v2\/pages"}],"about":[{"href":"https:\/\/futsalpanthers.koeln\/index.php?rest_route=\/wp\/v2\/types\/page"}],"author":[{"embeddable":true,"href":"https:\/\/futsalpanthers.koeln\/index.php?rest_route=\/wp\/v2\/users\/1"}],"replies":[{"embeddable":true,"href":"https:\/\/futsalpanthers.koeln\/index.php?rest_route=%2Fwp%2Fv2%2Fcomments&post=2275"}],"version-history":[{"count":4,"href":"https:\/\/futsalpanthers.koeln\/index.php?rest_route=\/wp\/v2\/pages\/2275\/revisions"}],"predecessor-version":[{"id":2282,"href":"https:\/\/futsalpanthers.koeln\/index.php?rest_route=\/wp\/v2\/pages\/2275\/revisions\/2282"}],"wp:attachment":[{"href":"https:\/\/futsalpanthers.koeln\/index.php?rest_route=%2Fwp%2Fv2%2Fmedia&parent=2275"}],"curies":[{"name":"wp","href":"https:\/\/api.w.org\/{rel}","templated":true}]}}

Förderung REACT-EU

<div data-elementor-type="wp-page" data-elementor-id="2275" class="elementor elementor-2275">
						<section class="elementor-section elementor-top-section elementor-element elementor-element-27ecab0a elementor-section-boxed elementor-section-height-default elementor-section-height-default" data-id="27ecab0a" data-element_type="section">
						<div class="elementor-container elementor-column-gap-default">
					<div class="elementor-column elementor-col-100 elementor-top-column elementor-element elementor-element-5d5044d1" data-id="5d5044d1" data-element_type="column">
			<div class="elementor-widget-wrap elementor-element-populated">
						<div class="elementor-element elementor-element-3bac4703 elementor-widget elementor-widget-text-editor" data-id="3bac4703" data-element_type="widget" data-widget_type="text-editor.default">
				<div class="elementor-widget-container">
									
<figure class="wp-block-image size-large"><img fetchpriority="high" decoding="async" width="1024" height="237" src="https://futsalpanthers.koeln/wp-content/uploads/2023/08/REACT-EU_LOGO_JPG_CMYK-1024x237.jpg" alt="" class="wp-image-2253" srcset="https://futsalpanthers.koeln/wp-content/uploads/2023/08/REACT-EU_LOGO_JPG_CMYK-1024x237.jpg 1024w, https://futsalpanthers.koeln/wp-content/uploads/2023/08/REACT-EU_LOGO_JPG_CMYK-300x70.jpg 300w, https://futsalpanthers.koeln/wp-content/uploads/2023/08/REACT-EU_LOGO_JPG_CMYK-768x178.jpg 768w, https://futsalpanthers.koeln/wp-content/uploads/2023/08/REACT-EU_LOGO_JPG_CMYK-1536x356.jpg 1536w, https://futsalpanthers.koeln/wp-content/uploads/2023/08/REACT-EU_LOGO_JPG_CMYK-2048x475.jpg 2048w" sizes="(max-width: 1024px) 100vw, 1024px" /></figure>
								</div>
				</div>
					</div>
		</div>
					</div>
		</section>
				<section class="elementor-section elementor-top-section elementor-element elementor-element-1d77900 elementor-section-boxed elementor-section-height-default elementor-section-height-default" data-id="1d77900" data-element_type="section">
						<div class="elementor-container elementor-column-gap-default">
					<div class="elementor-column elementor-col-100 elementor-top-column elementor-element elementor-element-a944820" data-id="a944820" data-element_type="column">
			<div class="elementor-widget-wrap elementor-element-populated">
						<div class="elementor-element elementor-element-3056175 elementor-widget elementor-widget-text-editor" data-id="3056175" data-element_type="widget" data-widget_type="text-editor.default">
				<div class="elementor-widget-container">
									<p>Im Rahmen der „Recovery Assistance for Cohesion and the Territories of Europe“ (REACT-EU) unterstützt das Land NRW mit dem Programm „Digitalisierung gemeinnütziger Sportorganisationen“ Sportvereine, um sich bereit zu machen für die Vereinsentwicklung.</p><p>Auch wir bei den Futsal Panthers Köln haben diese Möglichkeit genutzt und uns mit diversen elektronischen Geräten verstärkt.&nbsp;<span style="color: var( --e-global-color-text ); font-family: var( --e-global-typography-text-font-family ), Sans-serif; font-weight: var( --e-global-typography-text-font-weight ); background-color: var(--nv-site-bg);">Mit Laptop, Beamer und Co. können wir die Vereinsarbeit noch weiter vorantrieben und so die Zukunft des Futsals in Köln weiter gestalten.&nbsp;</span></p>								</div>
				</div>
					</div>
		</div>
					</div>
		</section>
				</div>

<p>Im Rahmen der „Recovery Assistance for Cohesion and the Territories of Europe“ (REACT-EU) unterstützt das Land NRW mit dem Programm „Digitalisierung gemeinnütziger Sportorganisationen“ Sportvereine, um sich bereit zu machen für die Vereinsentwicklung. Auch wir bei den Futsal Panthers Köln haben diese Möglichkeit genutzt und uns mit diversen elektronischen Geräten verstärkt.&nbsp;Mit Laptop, Beamer und Co. können&hellip;&nbsp;<a href="https://futsalpanthers.koeln/?page_id=2275" rel="bookmark">Weiterlesen &raquo;<span class="screen-reader-text">Förderung REACT-EU</span></a></p>
